 common factor of l and m.
5
Let y(t) = 195*t + 416. Let s be y(0). Calculate the greatest common factor of s and 3172.
52
Let o(c) = 2*c**2 + 19*c - 101. Let a be o(-14). Let m = -28 + 43. Suppose m + 10 = 5*d. What is the highest common divisor of a and d?
5
Let k(j) = 10*j - 122. Let i be k(10). Let x(w) = -2*w**2 - 48*w - 16. Let l be x(i). What is the greatest common divisor of l and 18?
18
Let x = 28 - 11. Let d = 652 + 389. Suppose -489 - d = -18*n. Calculate the highest common factor of n and x.
17
Suppose 5*x + n - 37 = 0, 0*x + 5*x - 31 = 2*n. What is the greatest common divisor of x and 553?
7
Suppose -39*i = 3125 - 5153. What is the highest common divisor of i and 15028?
52
Let t = 356 + -356. Suppose -5*s + 75 = 2*x, t = -3*s - s + x + 73. Let y = -171 - -358. Calculate the greatest common divisor of s and y.
17
Let t = 1880 + -1842. Suppose -r + 279 = 13. Calculate the highest common divisor of r and t.
38
Let g = 1730 - 1200. Calculate the highest common factor of 830 and g.
10
Suppose 127 - 103 = 6*h. Suppose 113 = h*t - 335. Calculate the greatest common divisor of 42 and t.
14
Let f be ((-102)/9)/((-18)/837). Let v = 597 - f. What is the highest common divisor of 91 and v?
7
Let x be (-1)/(4*4/64)*2425/(-100). Calculate the highest common divisor of x and 7.
1
Suppose 150 = -p - 4*p. Let l be (-15)/(-25) + (-3)/(p/(-16)). Let u be (18/(-12))/(1*l/18). Calculate the highest common divisor of u and 3.
3
Let c = -91 - -93. Suppose 4*s = -4*x + 30 + 10, 5*s - 32 = -c*x. Let y be -9 - (-36)/x - (1 - 17). What is the highest common factor of y and 65?
13
Let u be -2*(98/4 - 0) + 1. Let o = 114 + u. Suppose 5*p + 6*p - o = 0. Calculate the greatest common divisor of p and 48.
6
Suppose 4*j - 295 = -o, 0 = -o - 3*o + 12. Suppose -2 = -u, j = f + 2*f - 4*u. Let q be (3/2 + -3)*(-17 + -37). What is the highest common factor of q and f?
27
Suppose -854 = 4*n - 18*n. Let o be (-20)/15*9/(-6) + n. Suppose -5*f + o = -2*b, 4*f + 3*b - 53 = 2*b. Calculate the highest common divisor of f and 13.
13
Suppose 4*m + 2*c - 2051 = 157, -m - 3*c + 547 = 0. Calculate the highest common factor of 49 and m.
7
Let c(b) = 13*b**2 - 23*b - 51. Let z be c(4). Let t be 1/((-1)/455*-1). What is the greatest common factor of z and t?
65
Let x(z) = -z**3 + 27*z**2 - 43*z + 17. Let a be x(25). Let k = a - 174. What is the highest common divisor of 72 and k?
18
Let s be 1*(1 - -23 - 0). Suppose 5*u - 4*b = 9, -b - 3*b = -16. Suppose -50 = -u*f - 4*c, 8*f - 2*c = 6*f + 2. What is the greatest common factor of s and f?
6
Suppose -10*i - 21 = -541. What is the greatest common divisor of i and 4?
4
Let n = 2778 + -2760. Calculate the highest common divisor of n and 16.
2
Suppose -9*c + 36 = 3*c. Suppose 0 = 4*q - 3*v - 237, v + 2 = c*v. Let o = 39 + -24. What is the greatest common divisor of q and o?
15
Suppose -4*c + 2094 = 94*p - 89*p, 5*p = 4*c - 2034. Calculate the highest common factor of c and 7052.
172
Let n = 186 + -90. Let l be (14/(-6))/(n/(-18) + 5). Let j = -40 + 47. Calculate the greatest common factor of l and j.
7
Let l(k) = 460*k**2 + 24*k + 62. Let z be l(-3). Calculate the greatest common divisor of 140 and z.
70
Let c = -3223 - -3366. What is the highest common factor of c and 4147?
143
Suppose 176 = 3*w - 2*z, 3*z = 3*w + 7*z - 224. What is the greatest common divisor of 264 and w?
8
Let r be (9/6 + (-1)/2)*7. Suppose -7*j + 126 = 28. Calculate the highest common factor of j and r.
7
Let f be (-33 + 31)*(6/(-4) + 0). Suppose -5*y = 2*x - y - 10, -3*y = 6. What is the highest common factor of x and f?
3
Let u(s) = 9*s**2 - 21*s - 152. Let b be u(-5). What is the highest common divisor of 26878 and b?
178
Suppose 31*u - 75*u + 15912 = -10*u. Calculate the greatest common factor of u and 3627.
117
Suppose -190 - 18 = 4*z. Suppose -6*r - 410 = -r. Let p = z - r. What is the greatest common divisor of p and 75?
15
Let n = 455 - 312. Suppose -2*l + 92 = -t, 0 = -5*t - l - n - 339. Let k be ((-34)/(-8))/((-6)/t). What is the highest common divisor of 51 and k?
17
Suppose 2 = p - 1. Suppose 5*m - h = 123, h = m + 6*h - 9. Suppose -7*g + m = -p*g. Calculate the greatest common factor of 6 and g.
6
Let s be (-4 - -14)/((-6)/9). Let i be (s/(-6) + -2)*156. Calculate the greatest common factor of i and 195.
39
Suppose 0 = 39*t + 137*t - 5808. What is the greatest common divisor of 231 and t?
33
Let l(y) = -156*y + 12200. Let k be l(-126). Calculate the greatest common divisor of 8 and k.
8
Let d(n) = -218*n - 10912. Let s be d(-68). Calculate the highest common factor of s and 168.
24
Suppose 0 = -61*x + 2741 + 1529. Let w = -78 + 50. Let b be 3/1*w/(-3). Calculate the highest common divisor of x and b.
14
Let b = 2 - -9. Let k = 24 + b. Suppose -9 - k = -t. What is the greatest common factor of t and 4?
4
Let y = -13 - -23. Let m be ((-12)/(-16))/((91/140)/13). Suppose m*b = y*b + 20. Calculate the highest common divisor of b and 8.
4
Let n = -115 - -2399. Calculate the highest common factor of n and 4.
4
Let j = 13811 - 2871. Calculate the greatest common divisor of 20 and j.
20
Let k = -2152 + 2232. What is the greatest common factor of 5880 and k?
40
Let c(w) = -3*w**2 + 51*w - 24. Let j be c(12). Let o = j - 96. Calculate the greatest common factor of o and 3.
3
Let v(y) = -y**3 + 12*y**2 - 15*y + 7. Let p be v(10). Suppose -3*s = -177 + p. Let i = 120 - s. What is the highest common factor of i and 32?
16
Let y(c) = -4*c + 44. Suppose 0 = -8*u + 5*u + 30. Let t be y(u). Suppose -n + 1 = -2*n, -4*v + 28 = t*n. What is the greatest common factor of v and 88?
8
Suppose 0 = 170*t - 172*t + 218. Suppose 5*p = -3*j + t, 11 = j - 3*p - 16. Calculate the highest common factor of 627 and j.
33
Suppose 0 = -15*r + 17*r - 112. Let t = -34 + r. Let c = t + -20. Calculate the highest common factor of 1 and c.
1
Suppose 24 = 3*p, 0 = 3*m - 3*p + 66 - 1002. Calculate the greatest common divisor of m and 770.
10
Let r(f) = -f**2 + 12*f + 27. Let k be (-1 - -7)*(-3)/(24/(-16)). Let t be r(k). Calculate the highest common factor of t and 189.
27
Suppose 46*q + 75*q = 8712. What is the greatest common divisor of q and 225?
9
Let a be 2/4 - ((-14391)/54)/13. Let l = -12 + 21. Calculate the greatest common divisor of a and l.
3
Suppose 16*u + 158275 = 81*u. Calculate the greatest common factor of 5 and u.
5
Suppose 0 = -3*p - q + 6190, -51*p + 46*p = q - 10318. Calculate the greatest common divisor of p and 32.
16
Let y = 15644 - 15617. What is the highest common factor of y and 1440?
9
Let j = 1 - -3. Suppose -w + 2 + j = 0. Suppose 85*f = 24*f + 1098. Calculate the greatest common factor of f and w.
6
Suppose -65*y + 1989 = -16731. Calculate the highest common divisor of y and 1312.
32
Let i be -18*2*(-4)/24. Let c be ((-76)/(-4))/((9/(-6))/(-3)). Let h = 44 - c. Calculate the greatest common divisor of i and h.
6
Let x be (-19)/3*-204 + 8. What is the highest common factor of 104 and x?
52
Let c = 682 + -684. Let i be c + 138 + (5 - (0 - -1)). What is the highest common factor of 252 and i?
28
Let p be -711*3*6/(-54). Let r = 374 - p. Let x = r - -87. What is the greatest common factor of x and 32?
32
Let u(h) = -h**2 - 5*h + 2. Let n be u(-4). Suppose d = -3, n*r + 2*d - 82 = 2*r. Let y = 59 + -37. What is the greatest common factor of r and y?
22
Suppose -2*j + 7 + 7 = 2*o, 0 = 2*o + 3*j - 18. Suppose -p + o*k = -0*p - 36, -4*p + 4*k + 168 = 0. Calculate the highest common divisor of 405 and p.
45
Let p be ((-15252)/8)/((-6)/(-72)*-9). Calculate the greatest common divisor of 62 and p.
62
Suppose -219*h - 4784 + 6330 = -6119. What is the highest common factor of 637 and h?
7
Let s be 4/(-14) + -73*20/(-14). Suppose 2*w - 2*u - 196 = 0, -w + 4*u = u - s. Let k = -60 + w. Calculate the greatest common divisor of k and 315.
35
Let p(v) = 11*v**2 + 1833*v - 657. Let w be p(-167). Calculate the highest common divisor of w and 13871.
11
Suppose 5 = -5*d, 26 = n + 4*d - 18. Suppose 0*u = 3*u - 480. What is the greatest common factor of n and u?
16
Suppose -13*s = -24175 + 6248. Suppose -s = -5*y + 4*b, 7*y - 2*b = 5*y + 550. Calculate the greatest common factor of 31 and y.
31
Suppose -2*g + 8 = -3*o + 1, -2*g - 3*o = 11. Suppose 35*l = 34*l. Let z be 39 - (l + g + 1)